{"id":15997,"date":"2024-12-04T14:13:50","date_gmt":"2024-12-04T14:13:50","guid":{"rendered":"https:\/\/ccjplagas.agarthamarketing.com\/?page_id=15997"},"modified":"2024-12-04T18:30:34","modified_gmt":"2024-12-04T18:30:34","slug":"desinsectacion","status":"publish","type":"page","link":"https:\/\/ccjplagas.agarthamarketing.com\/index.php\/desinsectacion\/","title":{"rendered":"Desinsectaci\u00f3n"},"content":{"rendered":"\t\t<div data-elementor-type=\"wp-page\" data-elementor-id=\"15997\" class=\"elementor elementor-15997\" data-elementor-post-type=\"page\">\n\t\t\t\t<div class=\"wd-negative-gap elementor-element elementor-element-1979183 e-flex e-con-boxed e-con e-parent\" data-id=\"1979183\" data-element_type=\"container\">\n\t\t\t\t\t<div class=\"e-con-inner\">\n\t\t\t\t<div class=\"elementor-element elementor-element-ecc9b4d color-scheme-inherit text-left elementor-widget elementor-widget-text-editor\" data-id=\"ecc9b4d\" data-element_type=\"widget\" data-widget_type=\"text-editor.default\">\n\t\t\t\t<div class=\"elementor-widget-container\">\n\t\t\t\t\t\t\t\t\t<p>Desinsectaci\u00f3n: Protecci\u00f3n contra insectos y ara\u00f1as<br \/>Desinsectaci\u00f3n interior<br \/>Eliminaci\u00f3n total: Aplicamos insecticidas y aracnicidas de alta calidad para eliminar<br \/>ara\u00f1as, cucarachas e insectos rastreros o voladores dentro de tu hogar. Ambiente<br \/>seguro: Nuestro tratamiento est\u00e1 dise\u00f1ado para proteger a tu familia y mascotas.<br \/>Desinsectaci\u00f3n exterior Prevenci\u00f3n eficaz: Tratamos \u00e1reas exteriores con productos<br \/>especializados que evitan la llegada de insectos y ara\u00f1as al interior de tu casa o negocio.<br \/>Tratamiento de cucarachas<br \/>Erradicaci\u00f3n profesional: Un plan integral de m\u00ednimo 3 meses para eliminar colonias de<br \/>cucarachas y prevenir su reaparici\u00f3n.<br \/>Higiene garantizada: Ideal para cocinas y \u00e1reas cr\u00edticas donde estas plagas suelen<br \/>proliferar.<br \/>Recomendado para hogares y empresas que buscan una soluci\u00f3n duradera contra<br \/>plagas comunes.<\/p>\t\t\t\t\t\t\t\t<\/div>\n\t\t\t\t<\/div>\n\t\t\t\t\t<\/div>\n\t\t\t\t<\/div>\n\t\t\t\t<\/div>\n\t\t","protected":false},"excerpt":{"rendered":"<p>Desinsectaci\u00f3n: Protecci\u00f3n contra insectos y ara\u00f1asDesinsectaci\u00f3n interiorEliminaci\u00f3n total: Aplicamos insecticidas y aracnicidas de alta calidad para eliminarara\u00f1as, cucarachas e insectos<\/p>\n","protected":false},"author":1,"featured_media":0,"parent":0,"menu_order":0,"comment_status":"closed","ping_status":"closed","template":"","meta":{"footnotes":""},"class_list":["post-15997","page","type-page","status-publish","hentry"],"_links":{"self":[{"href":"https:\/\/ccjplagas.agarthamarketing.com\/index.php\/wp-json\/wp\/v2\/pages\/15997","targetHints":{"allow":["GET"]}}],"collection":[{"href":"https:\/\/ccjplagas.agarthamarketing.com\/index.php\/wp-json\/wp\/v2\/pages"}],"about":[{"href":"https:\/\/ccjplagas.agarthamarketing.com\/index.php\/wp-json\/wp\/v2\/types\/page"}],"author":[{"embeddable":true,"href":"https:\/\/ccjplagas.agarthamarketing.com\/index.php\/wp-json\/wp\/v2\/users\/1"}],"replies":[{"embeddable":true,"href":"https:\/\/ccjplagas.agarthamarketing.com\/index.php\/wp-json\/wp\/v2\/comments?post=15997"}],"version-history":[{"count":4,"href":"https:\/\/ccjplagas.agarthamarketing.com\/index.php\/wp-json\/wp\/v2\/pages\/15997\/revisions"}],"predecessor-version":[{"id":16076,"href":"https:\/\/ccjplagas.agarthamarketing.com\/index.php\/wp-json\/wp\/v2\/pages\/15997\/revisions\/16076"}],"wp:attachment":[{"href":"https:\/\/ccjplagas.agarthamarketing.com\/index.php\/wp-json\/wp\/v2\/media?parent=15997"}],"curies":[{"name":"wp","href":"https:\/\/api.w.org\/{rel}","templated":true}]}}